, 11, 197, 223, 1627
What are the prime factors of 10141460?
2, 5, 7, 107, 677
What are the prime factors of 16935308?
2, 13, 19, 61, 281
List the prime factors of 1646053984.
2, 223, 251, 919
List the prime factors of 45646368.
2, 3, 475483
What are the prime factors of 63017218?
2, 11, 2864419
List the prime factors of 23649557.
23649557
What are the prime factors of 2162928130?
2, 5, 11, 101, 194683
List the prime factors of 49749301.
7, 7107043
What are the prime factors of 752560449?
3, 1733, 144751
What are the prime factors of 213621542?
2, 106810771
List the prime factors of 770211286.
2, 13, 2287, 12953
List the prime factors of 464803178.
2, 7, 33200227
List the prime factors of 250186455.
3, 5, 569, 3257
What are the prime factors of 673750377?
3, 487, 153719
What are the prime factors of 49085181?
3, 1091, 4999
List the prime factors of 4028926.
2, 11, 367, 499
What are the prime factors of 26945644?
2, 11, 612401
What are the prime factors of 836527905?
3, 5, 2065501
List the prime factors of 67437002.
2, 83, 406247
List the prime factors of 417518404.
2, 61, 701, 2441
List the prime factors of 733033060.
2, 5, 197, 186049
List the prime factors of 194995772.
2, 37, 61, 21599
List the prime factors of 110672480.
2, 5, 31, 53, 421
List the prime factors of 322696725.
3, 5, 13, 43, 179
List the prime factors of 191014011.
3, 19, 23, 16189
List the prime factors of 33343285.
5, 331, 20147
What are the prime factors of 650250150?
2, 3, 5, 11, 577, 683
List the prime factors of 594251375.
5, 4754011
List the prime factors of 1787401243.
1787401243
List the prime factors of 1526973947.
41, 173, 215279
What are the prime factors of 5002107030?
2, 3, 5, 17, 3269351
List the prime factors of 1581640531.
1581640531
List the prime factors of 87196511.
61, 1429451
What are the prime factors of 13930637?
7, 83, 23977
List the prime factors of 8979300985.
5, 149, 12052753
List the prime factors of 321833013.
3, 53, 2024107
List the prime factors of 1656174808.
2, 1093, 189407
What are the prime factors of 32292121?
1301, 24821
List the prime factors of 627114148.
2, 809, 193793
List the prime factors of 208900829.
208900829
What are the prime factors of 478340888?
2, 347, 172313
List the prime factors of 22438007.
107, 209701
What are the prime factors of 81455206?
2, 7, 5818229
List the prime factors of 149480969.
11, 13589179
List the prime factors of 1993832938.
2, 2179, 457511
List the prime factors of 1894222340.
2, 5, 3637, 26041
List the prime factors of 214650306.
2, 3, 13, 23, 39883
What are the prime factors of 98355155?
5, 19671031
List the prime factors of 40956927.
3, 11, 17, 6637
List the prime factors of 1245613634.
2, 71, 479, 18313
What are the prime factors of 215662512?
2, 3, 13, 53, 6521
List the prime factors of 266217026.
2, 31, 199, 21577
What are the prime factors of 206112794?
2, 17, 659, 9199
List the prime factors of 1852172837.
293, 6321409
What are the prime factors of 77202272?
2, 7, 344653
What are the prime factors of 77978700?
2, 3, 5, 3209
What are the prime factors of 123662083?
123662083
List the prime factors of 286797028.
2, 7, 23, 491, 907
List the prime factors of 94364661.
3, 43, 731509
What are the prime factors of 1160751?
3, 41, 9437
What are the prime factors of 1189337348?
2, 41, 7252057
What are the prime factors of 31185878?
2, 19, 820681
What are the prime factors of 34826276?
2, 8706569
What are the prime factors of 1375946644?
2, 29, 409021
What are the prime factors of 53913822?
2, 3, 487, 18451
What are the prime factors of 501716335?
5, 100343267
What are the prime factors of 90922055?
5, 7, 2597773
What are the prime factors of 219990443?
367, 599429
List the prime factors of 164539366.
2, 83, 991201
List the prime factors of 46577086.
2, 1709, 13627
List the prime factors of 4350509418.
2, 3, 4483, 161741
List the prime factors of 25621249.
43, 595843
What are the prime factors of 82111342?
2, 127, 323273
List the prime factors of 477332126.
2, 238666063
List the prime factors of 2774325733.
6637, 418009
What are the prime factors of 5703439956?
2, 3, 17, 1847, 15137
What are the prime factors of 70215557?
3167, 22171
What are the prime factors of 65892633?
3, 107, 233, 881
List the prime factors of 402409231.
7, 53, 1084661
List the prime factors of 48565045.
5, 19, 511211
List the prime factors of 3939328758.
2, 3, 656554793
List the prime factors of 628611619.
163, 3856513
What are the prime factors of 1258840342?
2, 23143, 27197
List the prime factors of 53774489.
53, 61, 16633
List the prime factors of 143241090.
2, 3, 5, 1277, 3739
List the prime factors of 479332781.
3323, 144247
List the prime factors of 27861444.
2, 3, 13, 37, 1609
List the prime factors of 762635.
5, 127, 1201
List the prime factors of 244580477.
113, 2164429
What are the prime factors of 11975827?
31, 37, 53, 197
What are the prime factors of 19508566?
2, 7, 11, 18097
What are the prime factors of 52297135?
5, 11, 47, 20231
What are the prime factors of 375669732?
2, 3, 37, 569, 1487
List the prime factors of 5396493100.
2, 5, 61, 443, 1997
List the prime factors of 223317519.
3, 3209, 23197
What are the prime factors of 389524017?
3, 137, 947747
List the prime factors of 1204429375.
5, 1927087
What are the prime factors of 2725408?
2, 7, 23
List the prime factors of 42535155.
3, 5, 13, 331, 659
List the prime factors of 475771257.
3, 13, 41, 99181
List the prime factors of 33830822.
2, 41, 412571
List the prime factors of 673377032.
2, 919, 91591
List the prime factors of 2125002202.
2, 29, 41, 893609
What are the prime factors of 415146487?
7, 181, 327661
What are the prime factors of 4332236065?
5, 109, 127, 62591
List the prime factors of 245044695.
3, 5, 7, 2333759
List the prime factors of 38891151.
3, 13, 179, 619
What are the prime factors of 55076340?
2, 3, 5, 11, 83449
List the prime factors of 597394037.
1367, 437011
List the prime factors of 613634043.
3, 11, 23, 59, 71, 193
What are the prime factors of 90775473?
3, 30258491
What are the prime factors of 9590494?
2, 23, 208489
List the prime factors of 1132097333.
1132097333
What are the prime factors of 53207367?
3, 17735789
List the prime factors of 729064990.
2, 5, 72906499
List the prime factors of 7664896848.
2, 3, 7, 22812193
List the prime factors of 1496533325.
5, 7, 211, 40529
What are the prime factors of 84581527?
257, 329111
What are the prime factors of 44228604?
2, 3, 7, 526531
What are the prime factors of 47191371?
3, 17, 433, 2137
List the prime factors of 72802199.
23, 37, 85549
What are the prime factors of 2109438561?
3, 37, 41, 463511
List the prime factors of 1328815235.
5, 11, 29, 197, 4229
What are the prime factors of 197266870?
2, 5, 19726687
What are the prime factors of 436239820?
2, 5, 53, 443, 929
What are the prime factors of 16624802?
2, 101, 82301
What are the prime factors of 2394654026?
2, 9743, 122891
List the prime factors of 56464529.
11, 466649
What are the prime factors of 471920284?
2, 11, 10725461
What are the prime factors of 34965644?
2, 7, 31, 40283
What are the prime factors of 30583614?
2, 3, 139, 36671
What are the prime factors of 4782322787?
11, 31, 43, 326149
What are the prime factors of 117100895?
5, 19, 557, 2213
List the prime factors of 15292282.
2, 17, 449773
List the prime factors of 347420334.
2, 3, 47, 1231987
List the prime factors of 802625989.
11, 72965999
What are the prime factors of 161302421?
7, 23043203
List the prime factors of 45081583.
929, 48527
List the prime factors of 44361508.
2, 41, 83, 3259
What are the prime factors of 2907854732?
2, 1373, 529471
List the prime factors of 25431806.
2, 12715903
List the prime factors of 6123370145.
5, 907, 1350247
List the prime factors of 77334183.
3, 954743
What are the prime factors of 642563266?
2, 29, 11078677
List the prime factors of 35424080.
2, 5, 29, 15269
What are the prime factors of 489041448?
2, 3, 7, 17, 171233
List the prime factors of 97676212.
2, 24419053
List the prime factors of 241191984.
2, 3, 11, 23, 19861
List the prime factors of 20910583.
19, 1100557
What are the prime factors of 2672875616?
2, 19, 631, 6967
What are the prime factors of 342170271?
3, 17, 107, 6967
List the prime factors of 674874536.
2, 7, 7